{"id":21253,"date":"2024-02-01T13:29:49","date_gmt":"2024-02-01T18:29:49","guid":{"rendered":"https:\/\/rvf.ca\/?post_type=calendrier-2024&#038;p=21253"},"modified":"2024-02-29T14:40:06","modified_gmt":"2024-02-29T19:40:06","slug":"a-la-decouverte-de-nos-aines-franco-yukonnais","status":"publish","type":"calendrier-2024","link":"https:\/\/rvf.ca\/en\/2024-calendar\/a-la-decouverte-de-nos-aines-franco-yukonnais\/","title":{"rendered":"\u00c0 la d\u00e9couverte de nos a\u00een\u00e9s franco-yukonnais"},"content":{"rendered":"<blockquote>\n<div class=\"R1UVb\">Joignez-vous \u00e0 la Soci\u00e9t\u00e9 d&#8217;histoire francophone du Yukon pour le lancement d&#8217;une s\u00e9rie de 10 balados explorant les r\u00e9cits de vie d&#8217;a\u00een\u00e9s francophones arriv\u00e9s au Yukon avant 1892. Venez rencontrer et \u00e9changer avec les a\u00een\u00e9s, ainsi qu&#8217;avec les b\u00e9n\u00e9voles qui ont particip\u00e9 \u00e0 l&#8217;enregistrement des entrevues et \u00e0 la cr\u00e9ation des balados. Un l\u00e9ger go\u00fbter sera servi.<\/div>\n<\/blockquote>\n","protected":false},"featured_media":21323,"template":"","format-de-lactivite-du-calendri":[],"class_list":["post-21253","calendrier-2024","type-calendrier-2024","status-publish","has-post-thumbnail","hentry"],"_links":{"self":[{"href":"https:\/\/rvf.ca\/en\/wp-json\/wp\/v2\/calendrier-2024\/21253","targetHints":{"allow":["GET"]}}],"collection":[{"href":"https:\/\/rvf.ca\/en\/wp-json\/wp\/v2\/calendrier-2024"}],"about":[{"href":"https:\/\/rvf.ca\/en\/wp-json\/wp\/v2\/types\/calendrier-2024"}],"wp:featuredmedia":[{"embeddable":true,"href":"https:\/\/rvf.ca\/en\/wp-json\/wp\/v2\/media\/21323"}],"wp:attachment":[{"href":"https:\/\/rvf.ca\/en\/wp-json\/wp\/v2\/media?parent=21253"}],"wp:term":[{"taxonomy":"format-de-lactivite-du-calendri","embeddable":true,"href":"https:\/\/rvf.ca\/en\/wp-json\/wp\/v2\/format-de-lactivite-du-calendri?post=21253"}],"curies":[{"name":"wp","href":"https:\/\/api.w.org\/{rel}","templated":true}]}}

À la découverte de nos aînés franco-yukonnais

<blockquote>
<div class="R1UVb">Joignez-vous à la Société d&#8217;histoire francophone du Yukon pour le lancement d&#8217;une série de 10 balados explorant les récits de vie d&#8217;aînés francophones arrivés au Yukon avant 1892. Venez rencontrer et échanger avec les aînés, ainsi qu&#8217;avec les bénévoles qui ont participé à l&#8217;enregistrement des entrevues et à la création des balados. Un léger goûter sera servi.</div>
</blockquote>
