{"id":24289,"date":"2024-02-27T15:28:57","date_gmt":"2024-02-27T20:28:57","guid":{"rendered":"https:\/\/rvf.ca\/?post_type=calendrier-2024&#038;p=24289"},"modified":"2024-02-29T14:38:40","modified_gmt":"2024-02-29T19:38:40","slug":"festival-du-cinema-francophone-de-calgary","status":"publish","type":"calendrier-2024","link":"https:\/\/rvf.ca\/en\/2024-calendar\/festival-du-cinema-francophone-de-calgary\/","title":{"rendered":"Festival du Cin\u00e9ma Francophone de Calgary"},"content":{"rendered":"<p style=\"text-align: center\"><b>4\u00e8me \u00e9dition du Festival du Cin\u00e9ma Francophone de Calgary<\/b><\/p>\n<p style=\"text-align: center\"><b>Accessibles pour les apprenants, francophiles et anglophones<\/b><\/p>\n<p>&nbsp;<\/p>\n<p><img fetchpriority=\"high\" decoding=\"async\" class=\"size-medium wp-image-24292 aligncenter\" src=\"https:\/\/rvf.ca\/wp-content\/uploads\/\/FCFC24-2-600x338.jpg\" alt=\"\" width=\"600\" height=\"338\" srcset=\"https:\/\/rvf.ca\/wp-content\/uploads\/FCFC24-2-600x338.jpg 600w, https:\/\/rvf.ca\/wp-content\/uploads\/FCFC24-2-1200x675.jpg 1200w, https:\/\/rvf.ca\/wp-content\/uploads\/FCFC24-2-768x432.jpg 768w, https:\/\/rvf.ca\/wp-content\/uploads\/FCFC24-2-1536x864.jpg 1536w, https:\/\/rvf.ca\/wp-content\/uploads\/FCFC24-2.jpg 1920w\" sizes=\"(max-width: 600px) 100vw, 600px\" \/><\/p>\n","protected":false},"featured_media":24292,"template":"","format-de-lactivite-du-calendri":[],"class_list":["post-24289","calendrier-2024","type-calendrier-2024","status-publish","has-post-thumbnail","hentry"],"_links":{"self":[{"href":"https:\/\/rvf.ca\/en\/wp-json\/wp\/v2\/calendrier-2024\/24289","targetHints":{"allow":["GET"]}}],"collection":[{"href":"https:\/\/rvf.ca\/en\/wp-json\/wp\/v2\/calendrier-2024"}],"about":[{"href":"https:\/\/rvf.ca\/en\/wp-json\/wp\/v2\/types\/calendrier-2024"}],"wp:featuredmedia":[{"embeddable":true,"href":"https:\/\/rvf.ca\/en\/wp-json\/wp\/v2\/media\/24292"}],"wp:attachment":[{"href":"https:\/\/rvf.ca\/en\/wp-json\/wp\/v2\/media?parent=24289"}],"wp:term":[{"taxonomy":"format-de-lactivite-du-calendri","embeddable":true,"href":"https:\/\/rvf.ca\/en\/wp-json\/wp\/v2\/format-de-lactivite-du-calendri?post=24289"}],"curies":[{"name":"wp","href":"https:\/\/api.w.org\/{rel}","templated":true}]}}

Festival du Cinéma Francophone de Calgary

<p style="text-align: center"><b>4ème édition du Festival du Cinéma Francophone de Calgary</b></p>
<p style="text-align: center"><b>Accessibles pour les apprenants, francophiles et anglophones</b></p>
<p>&nbsp;</p>
<p><img fetchpriority="high" decoding="async" class="size-medium wp-image-24292 aligncenter" src="https://rvf.ca/wp-content/uploads//FCFC24-2-600x338.jpg" alt="" width="600" height="338" srcset="https://rvf.ca/wp-content/uploads/FCFC24-2-600x338.jpg 600w, https://rvf.ca/wp-content/uploads/FCFC24-2-1200x675.jpg 1200w, https://rvf.ca/wp-content/uploads/FCFC24-2-768x432.jpg 768w, https://rvf.ca/wp-content/uploads/FCFC24-2-1536x864.jpg 1536w, https://rvf.ca/wp-content/uploads/FCFC24-2.jpg 1920w" sizes="(max-width: 600px) 100vw, 600px" /></p>
