{"id":24316,"date":"2024-02-27T15:55:59","date_gmt":"2024-02-27T20:55:59","guid":{"rendered":"https:\/\/rvf.ca\/?post_type=calendrier-2024&#038;p=24316"},"modified":"2024-02-29T14:41:11","modified_gmt":"2024-02-29T19:41:11","slug":"cafe-rencontre-courts-metrages","status":"publish","type":"calendrier-2024","link":"https:\/\/rvf.ca\/en\/2024-calendar\/cafe-rencontre-courts-metrages\/","title":{"rendered":"Caf\u00e9-rencontre : Courts-m\u00e9trages"},"content":{"rendered":"<p><b>Laissez-vous transporter dans une ambiance de cin\u00e9ma le temps d&#8217;une soir\u00e9e, pour ce caf\u00e9-rencontre exclusif, organis\u00e9 dans le cadre des Rendez-vous de la Francophonie (RVF). Tout en d\u00e9gustant un bon repas, vous d\u00e9couvrirez une s\u00e9lection de courts-m\u00e9trages tourn\u00e9s par des vid\u00e9astes francophones.<\/b><\/p>\n","protected":false},"featured_media":24319,"template":"","format-de-lactivite-du-calendri":[99],"class_list":["post-24316","calendrier-2024","type-calendrier-2024","status-publish","has-post-thumbnail","hentry","format-de-lactivite-du-calendri-activite-normal"],"_links":{"self":[{"href":"https:\/\/rvf.ca\/en\/wp-json\/wp\/v2\/calendrier-2024\/24316","targetHints":{"allow":["GET"]}}],"collection":[{"href":"https:\/\/rvf.ca\/en\/wp-json\/wp\/v2\/calendrier-2024"}],"about":[{"href":"https:\/\/rvf.ca\/en\/wp-json\/wp\/v2\/types\/calendrier-2024"}],"wp:featuredmedia":[{"embeddable":true,"href":"https:\/\/rvf.ca\/en\/wp-json\/wp\/v2\/media\/24319"}],"wp:attachment":[{"href":"https:\/\/rvf.ca\/en\/wp-json\/wp\/v2\/media?parent=24316"}],"wp:term":[{"taxonomy":"format-de-lactivite-du-calendri","embeddable":true,"href":"https:\/\/rvf.ca\/en\/wp-json\/wp\/v2\/format-de-lactivite-du-calendri?post=24316"}],"curies":[{"name":"wp","href":"https:\/\/api.w.org\/{rel}","templated":true}]}}

Café-rencontre : Courts-métrages

<p><b>Laissez-vous transporter dans une ambiance de cinéma le temps d&#8217;une soirée, pour ce café-rencontre exclusif, organisé dans le cadre des Rendez-vous de la Francophonie (RVF). Tout en dégustant un bon repas, vous découvrirez une sélection de courts-métrages tournés par des vidéastes francophones.</b></p>
