{"id":24961,"date":"2024-02-29T12:56:27","date_gmt":"2024-02-29T17:56:27","guid":{"rendered":"https:\/\/rvf.ca\/?post_type=calendrier-2024&#038;p=24961"},"modified":"2024-02-29T14:27:30","modified_gmt":"2024-02-29T19:27:30","slug":"atelier-cuisine-dactions-femmes-ipe","status":"publish","type":"calendrier-2024","link":"https:\/\/rvf.ca\/en\/2024-calendar\/atelier-cuisine-dactions-femmes-ipe\/","title":{"rendered":"Atelier cuisine d\u2019Actions Femmes \u00ceP\u00c9"},"content":{"rendered":"<table>\n<tbody>\n<tr>\n<td>D\u00e9couvrez les ateliers de cuisine en fran\u00e7ais d\u2019AFIPE, dans la cuisine du Founders\u2019 Food Hall \u00e0 Charlottetown! Un\u00b7e membre de la communaut\u00e9 vient partager une de ses recettes de cuisine. \u00c0 travers la cuisine on partage une culture, une histoire de famille, un talent ! Pour cet atelier, une cheffe p\u00e2tissi\u00e8re vient nous apprendre sa recette de la Charlotte au chocolat ! Inscription requise, par formulaire disponible sur le site afipe.ca, ou en contactant Chlo\u00e9 \u00e0 l\u2019adresse <a href=\"mailto:chloe@afipe.ca\">chloe@afipe.ca<\/a>.<\/p>\n<p>&nbsp;<\/td>\n<\/tr>\n<\/tbody>\n<\/table>\n","protected":false},"featured_media":24278,"template":"","format-de-lactivite-du-calendri":[99],"class_list":["post-24961","calendrier-2024","type-calendrier-2024","status-publish","has-post-thumbnail","hentry","format-de-lactivite-du-calendri-activite-normal"],"_links":{"self":[{"href":"https:\/\/rvf.ca\/en\/wp-json\/wp\/v2\/calendrier-2024\/24961","targetHints":{"allow":["GET"]}}],"collection":[{"href":"https:\/\/rvf.ca\/en\/wp-json\/wp\/v2\/calendrier-2024"}],"about":[{"href":"https:\/\/rvf.ca\/en\/wp-json\/wp\/v2\/types\/calendrier-2024"}],"wp:featuredmedia":[{"embeddable":true,"href":"https:\/\/rvf.ca\/en\/wp-json\/wp\/v2\/media\/24278"}],"wp:attachment":[{"href":"https:\/\/rvf.ca\/en\/wp-json\/wp\/v2\/media?parent=24961"}],"wp:term":[{"taxonomy":"format-de-lactivite-du-calendri","embeddable":true,"href":"https:\/\/rvf.ca\/en\/wp-json\/wp\/v2\/format-de-lactivite-du-calendri?post=24961"}],"curies":[{"name":"wp","href":"https:\/\/api.w.org\/{rel}","templated":true}]}}

Atelier cuisine d’Actions Femmes ÎPÉ

<table>
<tbody>
<tr>
<td>Découvrez les ateliers de cuisine en français d’AFIPE, dans la cuisine du Founders’ Food Hall à Charlottetown! Un·e membre de la communauté vient partager une de ses recettes de cuisine. À travers la cuisine on partage une culture, une histoire de famille, un talent ! Pour cet atelier, une cheffe pâtissière vient nous apprendre sa recette de la Charlotte au chocolat ! Inscription requise, par formulaire disponible sur le site afipe.ca, ou en contactant Chloé à l’adresse <a href="mailto:chloe@afipe.ca">chloe@afipe.ca</a>.</p>
<p>&nbsp;</td>
</tr>
</tbody>
</table>
